o). What is the units digit of w(r)?
8
Let a = 25 + -22. Suppose -32 = -2*z - 5*q, -a*q = -z + 12 + 4. What is the tens digit of z?
1
Let n(a) = a**2 - a - 2. Let y be n(-2). Suppose 3 + 9 = y*w. What is the units digit of w?
3
Let f = 20 + -16. Suppose 0 = f*l + l - d - 23, 4*l = -2*d + 24. What is the units digit of l?
5
Suppose 2*h - 3*h = -19. What is the units digit of h?
9
Suppose 3*w + w = 28. Suppose 92 + 139 = w*b. What is the units digit of b?
3
Let r be -1 + (-2 + -18)/2. Let h = 8 + r. What is the tens digit of (44/(-12))/(1/h)?
1
Let d be (-3)/(-8)*4*2. Suppose d*v + v = 120. What is the units digit of v?
0
Suppose 3997 - 797 = 20*t. What is the hundreds digit of t?
1
Let f(v) = -v**3 + 10*v**2 - 6*v + 3. What is the units digit of f(5)?
8
Suppose 5*f - 4*l + 6*l - 10 = 0, -l + 8 = 4*f. Suppose -v - f = -3. What is the units digit of v?
1
Let g(n) = n**3 + 5*n**2 - 6*n + 2. Let l be g(-6). Suppose 2*x + 6 = -q + 85, -l*x = 2*q - 78. What is the tens digit of x?
4
Let j = 55 - 12. What is the tens digit of j?
4
Suppose -2*j + 15 = j. Suppose j*b + 35 = 5*p, -b - 5*p + 0*p = -5. Let y = b + 10. What is the units digit of y?
5
Suppose -5*f = -394 + 34. What is the units digit of f?
2
Let c(t) = t**3 - 3*t**2 - 4. Let x be c(3). Let h = 1 - x. What is the units digit of h?
5
Let p(x) = -x**3 - x**2 + 8. Let m be p(0). Let d(n) be the first derivative of n**3/3 - 3*n**2 - 9*n - 2. What is the units digit of d(m)?
7
Suppose -l + 5 = -0*r - 3*r, 0 = 3*r + 3. What is the units digit of (-4)/l + 12 + 1?
1
Let q(m) = m**3 + m**2 - 8. Let z be q(0). Let w be (39 + -1)*z/16. Let y = w + 33. What is the units digit of y?
4
Suppose 50 = l + 4*l. Let a be 42/l - 6/30. Suppose 54 = 5*m - 3*v, 9*v - a*v + 60 = 5*m. What is the units digit of m?
9
Let l(j) = -19*j + 2. What is the tens digit of l(-2)?
4
Suppose z = -z + m + 750, 3*z - 3*m - 1122 = 0. What is the units digit of z?
6
Suppose -3*u - 6*m + 3*m = -18, -3*u - 4*m + 22 = 0. What is the units digit of (-30)/(-9) + u/(-6)?
3
Let q(k) = -k + 1. Let h(l) = 4*l - 1. Let x(i) = h(i) + 5*q(i). Let r be x(-3). Suppose -m + r = -0*m - 2*c, m = c + 7. What is the units digit of m?
7
Suppose 7*m = 2*m + 735. What is the units digit of m/12 - (-2)/(-8)?
2
Suppose -1 - 4 = -f. Suppose -f*u = -8*u + 12. Let k = 6 - u. What is the units digit of k?
2
Suppose 5 = 2*b - 7*b. Let o(h) = 0 - 5*h**3 + 0*h - 1 - 2*h. What is the units digit of o(b)?
6
Let u = -34 - -73. What is the units digit of u?
9
Suppose -4*r = 2*r - 366. What is the units digit of r?
1
Suppose 0 = 2*q + 3*q. Suppose -b - 2*b + 9 = q. Suppose -b*d + 13 = -g - 8*d, 5 = -d. What is the tens digit of g?
1
Let x = 42 + 204. What is the units digit of x?
6
Let u = 16 - 8. Let o = u + 2. What is the units digit of o?
0
What is the units digit of (-3)/1 - (1 + -50)?
6
Suppose 0 = 3*c + 3*u + 2*u - 1, -5*c + 14 = -4*u. Let y be -1 + (0 - (-26 + -1)). Suppose -c + y = 3*w. What is the units digit of w?
8
Let u = -77 + 122. What is the units digit of u?
5
Let p(o) = -3*o + 3 + 6*o - 5. Let s = 9 - 6. What is the units digit of p(s)?
7
Let p(b) = -8*b - 17. What is the tens digit of p(-6)?
3
Let s = 33 + -23. What is the units digit of s?
0
Let c(a) = a**3 + 5*a**2 + 2. What is the units digit of c(-5)?
2
Suppose 5*k + 0*k = -25, -4*k = 3*f - 145. What is the units digit of f?
5
Let d be ((-4)/12)/(2/6). Let q(x) = 13*x**2. What is the tens digit of q(d)?
1
Let r be (12 + 0)*16/6. Suppose -5*h = -4*x - 19 - 21, r = 4*h - 3*x. What is the units digit of h?
8
Let m(o) = o**3 + o + 1. Suppose 0 = 3*h - b - 4*b - 21, -2*h - 4*b = 8. Let r be m(h). Let s = r - 8. What is the units digit of s?
3
Let l(y) = -y**3 - 3*y**2 + 3*y - 1. Suppose 4*v + 5 = -11. Let b be l(v). Let k = 3 + b. What is the units digit of k?
6
Suppose 8*o - 36 = 7*o. What is the tens digit of o?
3
Suppose w - 4*o - 25 = 0, -2*w - 3*w + o = -30. Suppose w*r - 40 = r. What is the tens digit of r?
1
Let i = 18 + 236. What is the units digit of i?
4
Suppose 0 = -18*a + 23*a - 205. What is the tens digit of a?
4
Let c(s) = -2*s + 20. Let z be (3 + -3)/(-2)*-1. What is the tens digit of c(z)?
2
What is the tens digit of ((-66)/(-5))/(8/20)?
3
Let z be (-4)/(-18) + 353/(-9). Let s = -26 - z. What is the units digit of s?
3
Suppose 3*z - 2*z = -5*s, 3*s = -2*z. Suppose g - 5*v = -g + 26, z = -4*v. What is the units digit of g?
3
Let p = -13 + -5. Let b be (p/(-30))/(1/5). What is the units digit of (-2)/b - (-11)/3?
3
Suppose -y - 1 = 1, p + 3*y = 42. What is the tens digit of p?
4
Suppose -12 = 3*x + x. Let z be (x*(-4)/(-3))/(-2). Suppose -z = -4*h + 10. What is the units digit of h?
3
Let b(u) = u**3 + 4*u**2 - 2*u - 4. Let t be b(-4). Suppose -t = 3*d - 34. What is the tens digit of d?
1
Suppose 0 = 6*k - k - 1125. Suppose 4*m - k = -m. Suppose -2*j - 4 = 3*b - 25, m = 4*j + 3*b. What is the units digit of j?
2
Suppose -156 = -5*y - 4*i, 5*y + 3*i - 148 = i. What is the units digit of y?
8
Let h = 956 + -618. What is the units digit of h?
8
Suppose 0 = 4*x - 17 + 1. Suppose -s = 2*m - 11, -s - 2*s = x*m - 25. Suppose -a = s*a - 28. What is the units digit of a?
7
Suppose 5*x - 6*x + 3 = 0. Suppose x*f - 2*r - 14 = -r, 12 = 4*f + 2*r. What is the units digit of f?
4
Let i(a) = a. Let b be i(5). Let g(r) = 5*r**2 - 6*r + 8. Let z(d) = 6*d**2 - 5*d + 9. Let s(t) = -5*g(t) + 4*z(t). What is the tens digit of s(b)?
2
Let v(d) = -d**3 - d**2 - 6*d - 1. What is the units digit of v(-3)?
5
Suppose -5*h + 18 = -2*v - 16, -2*h = 3*v - 6. Let z = 3 - h. What is the units digit of 1*z*2/(-6)?
1
Let y = -53 - -15. Let r = -66 - y. Let h = r + 50. What is the units digit of h?
2
Let r(m) = 4*m + 5. What is the tens digit of r(6)?
2
Let l = 348 + -177. What is the units digit of l?
1
Let d(u) = -u**3 + 5*u**2 - 3*u + 4. Let b be d(3). Suppose 4*h - b = 3*h. What is the tens digit of h?
1
Let q(t) = -1 - 2*t**2 - 1 - 2 - 4*t**2 - t**3. Let p be q(-7). What is the units digit of 2/4 - p/(-10)?
5
Suppose 2*u - 104 = -2*c, u + c - 56 = -c. Suppose 57 = 4*w + 5*y, 3*w = -0*y - 2*y + u. What is the tens digit of w?
1
Suppose 120 = 3*o + 2*o. Let t(h) = -h**3 + 8*h**2 - 6*h - 7. Let k be t(7). Suppose k*d + o = 2*d. What is the units digit of d?
2
Suppose -5*p = -4*p - 26. What is the units digit of p?
6
Suppose 57*w = 58*w - 274. What is the units digit of w?
4
Let p be (-1)/(-6) - (-68)/24. Let d = p - 1. What is the units digit of d?
2
Let w = -2 - -2. Let a = 1 + w. What is the units digit of (7 - a)*(-1 - -2)?
6
Suppose c - 3*c + 198 = 0. What is the units digit of c?
9
Let k be (-1)/(-2) + (-1)/2. Suppose k = -2*x - 2*x + 8. Suppose x*z - z = 15. What is the units digit of z?
5
Let s(o) = 90*o - 2. What is the tens digit of s(1)?
8
Suppose -m = 4*u - 30, 3*u - 74 = -3*m - u. What is the tens digit of m?
2
Let c(z) = z**3 + 5*z**2 - 13*z + 2. What is the units digit of c(-6)?
4
Let v = -1 - -4. Suppose 6*g - 24 = v*g + 4*x, g - 3*x - 13 = 0. What is the units digit of g?
4
Let j(q) = q**3 - 4*q**2 - 4*q - 2. Let z be j(5). Suppose 22 + 35 = z*v. What is the tens digit of v?
1
What is the hundreds digit of 182*1 + 0/((-12)/(-6))?
1
What is the units digit of (-171)/(-2)*2/3?
7
Suppose -2*g + 29 = -g. Suppose -2*u + 5*q = -g, -3*q = -u + 19 - 4. What is the tens digit of u?
1
Let z be (-26)/(-4)*(31 + -1). What is the tens digit of ((-24)/(-20))/(6/z)?
3
Suppose -y = -3 + 2. Let q be (3*y)/(9/6). What is the units digit of 1 - (-2 + (1 - q))?
4
Suppose -a + 22 + 3 = 0. What is the units digit of a?
5
Let o = 25 - 16. Let h be o/(-21) - 12/(-28). Suppose -x + 6 = -h*x. What is the units digit of x?
6
Suppose -3*g = -2*g - 5. Suppose -g*v + 32 = -73. What is the tens digit of v?
2
Let a(q) be the second derivative of q**5/20 + q**4/2 + q**3/6 - 5*q**2/2 + 3*q. What is the units digit of a(-5)?
5
Let i(u) be the second derivative of -u**5/20 - 7*u**4/12 + 2*u**3 - 4*u**2 + 5*u. What is the tens digit of i(-9)?
4
Suppose -4*x - 41 + 1 = 0. What is the units digit of (3 + x/3)*-27?
9
Let d = -18 + 49. Suppose -3*n = -d - 17. Suppose -6*p + 2*p = -n. What is the units digit of p?
4
Let s(j) = j**2 - 14*j + 21. What is the tens digit of s(21)?
6
What is the tens digit of -50*((-7)/2)/7?
2
What is the units 